{"id":284,"date":"2022-06-02T13:24:01","date_gmt":"2022-06-02T10:24:01","guid":{"rendered":"https:\/\/www.opilav.com\/siparis\/?post_type=product&#038;p=284"},"modified":"2025-04-12T21:57:40","modified_gmt":"2025-04-12T18:57:40","slug":"icli-kofte","status":"publish","type":"product","link":"https:\/\/www.opilav.com\/siparis\/menu\/icli-kofte\/","title":{"rendered":"\u0130\u00e7li K\u00f6fte k\u0131ymal\u0131"},"content":{"rendered":"<p>3 adet k\u0131ymal\u0131 i\u00e7li k\u00f6fte mini <\/p>\n","protected":false},"excerpt":{"rendered":"<p>3 adet k\u0131ymal\u0131 i\u00e7li k\u00f6fte mini<\/p>\n","protected":false},"featured_media":296,"comment_status":"open","ping_status":"closed","template":"","meta":[],"product_cat":[25],"product_tag":[],"class_list":["post-284","product","type-product","status-publish","has-post-thumbnail","hentry","product_cat-atistirmaliklar"],"_links":{"self":[{"href":"https:\/\/www.opilav.com\/siparis\/wp-json\/wp\/v3\/product\/284","targetHints":{"allow":["GET"]}}],"collection":[{"href":"https:\/\/www.opilav.com\/siparis\/wp-json\/wp\/v3\/product"}],"about":[{"href":"https:\/\/www.opilav.com\/siparis\/wp-json\/wp\/v2\/types\/product"}],"replies":[{"embeddable":true,"href":"https:\/\/www.opilav.com\/siparis\/wp-json\/wp\/v2\/comments?post=284"}],"wp:featuredmedia":[{"embeddable":true,"href":"https:\/\/www.opilav.com\/siparis\/wp-json\/wp\/v2\/media\/296"}],"wp:attachment":[{"href":"https:\/\/www.opilav.com\/siparis\/wp-json\/wp\/v2\/media?parent=284"}],"wp:term":[{"taxonomy":"product_cat","embeddable":true,"href":"https:\/\/www.opilav.com\/siparis\/wp-json\/wp\/v2\/product_cat?post=284"},{"taxonomy":"product_tag","embeddable":true,"href":"https:\/\/www.opilav.com\/siparis\/wp-json\/wp\/v2\/product_tag?post=284"}],"curies":[{"name":"wp","href":"https:\/\/api.w.org\/{rel}","templated":true}]}}